{"id":4124,"date":"2024-01-07T15:05:12","date_gmt":"2024-01-07T14:05:12","guid":{"rendered":"https:\/\/bmwelvemulator.com\/?page_id=4124"},"modified":"2024-01-07T19:08:43","modified_gmt":"2024-01-07T18:08:43","slug":"kundenbewertungen","status":"publish","type":"page","link":"https:\/\/bmwelvfault.com\/?page_id=4124&lang=de","title":{"rendered":"Kundenbewertungen"},"content":{"rendered":"\nAusgezeichneter Verk\u00e4ufer, tolles Produkt, habe es heute eingebaut und es tut, was es soll\n<br><br>\nWie beschrieben. Funktioniert und beseitigt ELV-Fehler. Schnelle Lieferung. Danke sch\u00f6n.\n<br><br>\nMein BMW 320d E91 startete nach dem Anschlie\u00dfen des Emulators problemlos. Ich habe 1500 Euro gespart, weil die BMW-Werkstatt mich gebeten hat, die Lenkung auszutauschen. DANKE\n<br><br>\nTut genau das, was es verspricht, setzt die Lenksperre meines R56 Mini zur\u00fcck und entfernt die Dauerwarnleuchte.\n<br><br>\nBrillanter Artikel, schnelle Lieferung, w\u00fcrde ich empfehlen. Vielen Dank\n<br><br>\nBrillanter Artikel und Verk\u00e4ufer. Blitzversand. Vielen Dank +++\n<br><br>\nVielen Dank, funktioniert perfekt\n<br><br>\nLiebes TeamIch wollte Ihnen allen nur f\u00fcr Ihre Hilfe danken.Ich freue mich, Ihnen mitteilen zu k\u00f6nnen, dass mein Mini R55 wieder einsatzbereit ist.Vielen Dank f\u00fcr Ihre schnelle Reaktion und die Anschaffung des Reset-Tools. Ich wei\u00df das sehr zu sch\u00e4tzen und werde Sie auf jeden Fall weiterempfehlen. Nochmals vielen DankHabe ein sch\u00f6nes WochenendeDeinPaul Milln\n<br><br>\nNur um zu sagen, hat wie beschrieben funktioniert. Bitte beachten Sie dies f\u00fcr zuk\u00fcnftige K\u00e4ufer.\n<br><br>\nIch m\u00f6chte nur sagen, dass ich Rockstars bin und sehr dankbar bin, dass es Ihr Unternehmen gibt. Ich habe sogar einen Computer und ein Kabel gekauft, um zu versuchen, alles selbst zu entsperren, falls das nicht funktionierte, aber es funktionierte beim ersten Versuch einwandfrei und ersparte mir stundenlanges Programmierenlernen. Vielen Dank, dass ihr mir die R\u00fcckfahrt erm\u00f6glicht und mir die Sache mit diesen l\u00e4cherlichen Autos ein wenig erleichtert habt. Passen Sie auf sich auf und machen Sie weiter so\n<br><br>\nFantastisches Produkt und toller Support und Kommunikation. Dies ist das einzige Plug-and-Play-Ger\u00e4t, das ich bei eBay finden konnte, da das Reset-Tool f\u00fcr mich und vermutlich auch f\u00fcr viele andere K\u00e4ufer, die sich m\u00f6glicherweise nicht mit den Problemen im Zusammenhang mit diesem Problem befasst haben, eine absolute Notwendigkeit war. Ich habe ISTA+ und einen Laptop verwendet, um das ELV zur\u00fcckzusetzen. Dieses Reset-Ger\u00e4t macht alles \u00fcberfl\u00fcssig und erledigt den Job in Sekundenschnelle. Kann es nicht stark genug empfehlen?\n<br><br>\nLassen Sie mich sagen, dass Ihre Reset-Einheit gro\u00dfartig ist und perfekt zum Zur\u00fccksetzen des ELV-Z\u00e4hlers funktioniert. Spart viel Zeit im Vergleich zu ESTA + mit Laptop- danke.\n<br><br>\nFabelhafter Verk\u00e4ufer, erstklassige Kommunikation und ein tolles Produkt, das mir \u00fcber 400 \u00a3 an Werkstattgeb\u00fchren f\u00fcr die Behebung des Problems erspart hat. Ich kann diesen Verk\u00e4ufer nur w\u00e4rmstens empfehlen. 5 Sterne.\n<br><br>\nAbsolut erstaunlich, ich habe bereits zwei Emulatoren bei einer anderen Firma bestellt, beide waren fehlerhaft. Habe mir dieses besorgt und es hat sofort funktioniert. Beauftragen Sie kein anderes Unternehmen au\u00dfer diesen Leuten. \u00dcbergl\u00fccklich, sehr schnelle Lieferung.\n<br><br>\nWenn Sie dieses Problem haben, kaufen Sie es. Es ist wirklich der Wendepunkt. Ich w\u00fcnschte, ich h\u00e4tte es fr\u00fcher gefunden.\n<br><br>\nErfolg ! Das Auto springt an und f\u00e4hrt wie es soll. Vielen Dank f\u00fcr Ihre Hilfe und Ihren Rat.Ich habe Ihnen eine 5-Sterne-Bewertung als Feedback hinterlassen.\n<br><br>\nSchnelle Lieferung gut verpackt. Das Anbringen war etwas schwierig, da der Stecker feststeckte, sodass ich kopf\u00fcber unter dem Armaturenbrett wackeln musste, um den Stecker freizubekommen, und ich bin nicht klein. Wie auch immer, der Emulator emuliert gut, er verf\u00fcgt \u00fcber eine LED-Leuchte, die den Betrieb anzeigt, gr\u00fcn, wei\u00df und rot und der Motor startet. Ich kann die kritische Fehleranzeige jedoch mit meinem Reset-Tool nicht l\u00f6schen, also habe ich den Obd Plug-and-Play-ELV-Reset bestellt, der mein Problem in Sekundenschnelle gel\u00f6st hat. Teil des Kits, es funktioniert wie beschrieben. Nett.\n<br><br>\nToller Verk\u00e4ufer mit schnellen Antworten! Hat mir geholfen, mein Auto zu starten, das seit Monaten nicht angesprungen war. Das Produkt funktioniert wie beschrieben und niemanden au\u00dfer diesem Verk\u00e4ufer f\u00fcr Elfenemulatoren empfehlen kann.\n<br><br>\nWas f\u00fcr ein tolles Produkt? Ich war skeptisch, ob dieses Tool funktionieren w\u00fcrde, aber ich habe ein erstaunliches Ergebnis erzielt!!!\n<br><br>\nDiese Tools funktionieren perfekt. In meinem Fall hatte ich ein Warnschild, aber ELV funktionierte immer noch und konnte den Motor starten. Der Installationsvorgang ist sehr einfach. Ich habe \u201eResetter\u201c verwendet und das Schild war verschwunden. Wirklich zufrieden mit diesen Werkzeugen.\n<br><br>\nGuten Tag Ihnen!Heute habe ich gerade das Reset-Tool erhalten, ohne weitere Zeit zu verschwenden, habe ich es an das Auto angeschlossen. Innerhalb von 5 Minuten wird das gesamte Autosystem zur\u00fcckgesetzt und ich kann das Autom\u00fchelos starten.Ihr habt mit der Erstellung des Emulators und des Reset-Tools gro\u00dfartige Arbeit geleistet. Ich sch\u00e4tze es wirklich und es hat mir den Tag gerettet!Tolle Jungs! Danke sch\u00f6n!\n<br><br>\nAbsolut perfekt. Keine Probleme mehr. Wow, so gutsy. Ich bin jetzt ein von BMW zertifizierter Techniker.\n<br><br>\nHochwertiger Artikel wie beschrieben, sehr hilfreich bei der Installation und Inbetriebnahme. Sehr zufrieden.\n<br><br>\nAbsolut brillantes erstklassiges Produkt\n<br><br>\nHabe die Arbeit wie beschrieben ausgef\u00fchrt.\n<br><br>\nFunktionierte perfekt und kam fr\u00fch an.\n<br><br>\nHochwertiges Teil. Die Installation war einfach. W\u00fcrde auf jeden Fall wieder bei ihnen bestellen. Gro\u00dfartige Kommunikation!\n<br><br>\nBrillantes Produkt hat seinen Zweck erf\u00fcllt!\n<br><br>\nIch habe vor ein paar Wochen sowohl das Reset-Modul als auch den Emulator gekauft und sie kamen in etwas mehr als einer Woche aus Gro\u00dfbritannien nach Kalifornien an. Ich musste nur das Reset-Modul verwenden, um den Lenkradsperrenz\u00e4hler zur\u00fcckzusetzen, und das Problem wurde in etwa 30 Sekunden behoben. Stecken Sie den Schl\u00fcssel in die Z\u00fcndung > Dr\u00fccken Sie den Knopf, um das Auto einzuschalten > Stecken Sie das Reset-Modul ein > Warten Sie > Der Fehler ist verschwunden > Das Auto startet jetzt vollst\u00e4ndig und dreht sich. Der im Video gezeigte Fehler trat bei meiner 2007er 328i 4D-Limousine auf, nachdem ich die Batterie ausgetauscht hatte. Es konnte sich immer noch einschalten und umdrehen, und ich war es auch Ich konnte es ein paar Wochen lang ohne Probleme fahren, aber der Fehler wurde immer noch auf dem Armaturenbrett angezeigt. Ich gehe davon aus, dass sich der Z\u00e4hler w\u00e4hrend der Fahrt langsam erh\u00f6hte, bis sich das Auto nach ein paar Wochen, als ich versuchte, zur Arbeit zu fahren, nicht mehr drehte, aber immer noch starten konnte (Knopf dr\u00fccken, Scheinwerfer, Radio, Infotainmentsystem usw. ein). Ich dachte, es w\u00e4re ein Problem mit der Batterie, da dies die einzige \u00c4nderung war, also habe ich versucht, Starthilfe zu geben und eine neue Batterie einzubauen, ohne Erfolg. Ich habe auch einiges mit dem Sicherungssystem probiert, aber auch das hat nicht funktioniert. Anfangs dachte ich nicht, dass der Lenkradsperrfehler ein Problem sei, da ich immer noch fahren konnte, aber sp\u00e4ter bemerkte ich, dass beim Einsetzen des Schl\u00fcsselanh\u00e4ngers kein Klickger\u00e4usch vom Lenkrad zu h\u00f6ren war, wie es normalerweise der Fall war. Dann habe ich nach dem roten Fehler bei der Lenkradblockierung gesucht und gelesen, dass nach einer bestimmten Anzahl von Versuchen das Lenkrad blockiert und der Motor nicht anspringt. Lesen Sie in vielen Foren, dass Sie ein OBD-Kabel kaufen m\u00fcssen, das an Ihren Laptop angeschlossen wird und dann zus\u00e4tzliche Software herunterladen m\u00fcssen, um BMW-Fehler diagnostizieren und codieren zu k\u00f6nnen. Ich bin nicht wirklich technisch versiert, wollte das also nicht tun m\u00fcssen. Zum Gl\u00fcck bin ich auf dieses Video gesto\u00dfen und habe beschlossen, es zu kaufen und auszuprobieren (beide Teile kosteten etwa 150 USD), und zum Gl\u00fcck funktionierte es wie ein Zauber. In meiner Situation brauchte ich nur das Reset-Modul. Meine m\u00f6glichen n\u00e4chsten Schritte w\u00e4ren Anlasser und Lichtmaschine, aber ich hatte Zweifel, da sie anfangs gut funktionierten. Gott sei Dank war das Reset-Modul am Ende echt, was mir Tausende von Dollar gespart hat, wenn ich am Ende beide Teile ausgetauscht h\u00e4tte, was das Problem ohnehin nicht behoben h\u00e4tte. Vielen Dank an https:\/\/bmwelvfault.com\/ f\u00fcr den schnellen Versand und die tats\u00e4chliche Zusendung funktionierender Produkte. Einfach zu bedienen und mein Lenkeinschlagfehler wurde schnell behoben. Vielen Dank, dass Sie mein Auto und mein Geld gespart haben! Hinweis: Dies ist eine legitime Aussage, keine gef\u00e4lschte oder bezahlte Bewertung. Da dieser Kanal und seine Produkte wenig Anklang finden, m\u00f6chte ich nur meine Erfahrungen weitergeben, um die Leute zu beruhigen, wenn jemand skeptisch ist. Ich behaupte auch nicht, dass dies Ihr spezifisches Problem zu 100% l\u00f6sen wird, aber die Produkte funktionieren. Bitte recherchieren Sie, ob diese L\u00f6sung passt. Danke und passen Sie auf sich auf. Viel Gl\u00fcck!\n<br><br>\nDer Tag gerettet: Der Mini R56 ist wieder unterwegs.\n<br><br>\nAusgezeichneter Artikel. Hat perfekt funktioniert\n<br><br>\nHallo Leute, tolles Ger\u00e4t, es funktioniert! Vielen Dank.\n<br><br>\nHat genau das getan, was es verspricht! Ich habe meinen BMW buchst\u00e4blich wieder zum Laufen gebracht, nachdem ich ihn monatelang nicht einschalten konnte.\n<br><br>\nDieses Ding ist buchst\u00e4blich wie Magie! Toll!\n<br><br>\nDieses kleine Widget spart Hunderte im Vergleich dazu, sich an einen Spezialisten zu wenden, um das Problem zu beheben oder an einen H\u00e4ndler, der fast den Preis verlangen wollte, den das Auto wert ist!\n<br><br>\nTres bon produit a elimin\u00e9 the code d&#8217;error.\n<br><br>\nIch habe das KIT heute erhalten. Installiert und das Bimmer E91 ELV-Problem ist gel\u00f6st!\n<br><br>\nSehr clevere SacheViel Geld und Energie gespart\n<br><br>\nIch habe heute mein Reset-Modul und den Emulator erhalten und habe ihn heute Nachmittag angeschlossen. Es hat nur 30 Sekunden gedauert, den Lenkschlossfehler zur\u00fcckzusetzen. Vielen Dank und gut gemacht\n<br><br>\nSchneller Versand. Sehr zufrieden. Hat wie beschrieben super funktioniert. Vielen Dank! Empfehlen Sie dieses Kit f\u00fcr alle Bmw\/Mini mit Lenkradschloss-Cas-Code.\n<br><br>\nMann, du bist der Beste! Es hat alles getan. Danke noch einmal.\n<br><br>\nMein 325d wurde repariert, das Lenkschloss war defekt, die Reparatur dauerte weniger als 1 Minute. Toller Service\n<br><br>\nTolles Produkt, ich empfehle den Kauf mit dem Reset-Tool. Die Installation dauert etwa 30 Minuten, wenn man das Entfernen von drei Abdeckungen ber\u00fccksichtigt (Ober- und Unterseite der Lenks\u00e4ule sowie eine Platte rechts von der Lenks\u00e4ule Mini R56).\n<br><br>\n<div class=\"video-container\">\n<iframe width=\"315\" height=\"560\"\nsrc=\"https:\/\/www.youtube.com\/embed\/sf0CHnUR_9A\"\ntitle=\"YouTube video player\"\nframeborder=\"0\"\nallow=\"accelerometer; autoplay; clipboard-write; encrypted-media; gyroscope; picture-in-picture; web-share\"\nallowfullscreen><\/iframe>\n<\/div>\n<br><br>\n","protected":false},"excerpt":{"rendered":"<p>Ausgezeichneter Verk\u00e4ufer, tolles Produkt, habe es heute eingebaut und es tut, was es soll Wie beschrieben. Funktioniert und beseitigt ELV-Fehler. Schnelle Lieferung. Danke sch\u00f6n. Mein BMW 320d E91 startete nach dem Anschlie\u00dfen des Emulators problemlos. Ich habe 1500 Euro gespart, weil die BMW-Werkstatt mich gebeten hat, die Lenkung auszutauschen. DANKE Tut genau das, was es [&hellip;]<\/p>\n","protected":false},"author":1,"featured_media":0,"parent":0,"menu_order":0,"comment_status":"closed","ping_status":"closed","template":"","meta":{"footnotes":""},"class_list":["post-4124","page","type-page","status-publish","hentry"],"_links":{"self":[{"href":"https:\/\/bmwelvfault.com\/index.php?rest_route=\/wp\/v2\/pages\/4124","targetHints":{"allow":["GET"]}}],"collection":[{"href":"https:\/\/bmwelvfault.com\/index.php?rest_route=\/wp\/v2\/pages"}],"about":[{"href":"https:\/\/bmwelvfault.com\/index.php?rest_route=\/wp\/v2\/types\/page"}],"author":[{"embeddable":true,"href":"https:\/\/bmwelvfault.com\/index.php?rest_route=\/wp\/v2\/users\/1"}],"replies":[{"embeddable":true,"href":"https:\/\/bmwelvfault.com\/index.php?rest_route=%2Fwp%2Fv2%2Fcomments&post=4124"}],"version-history":[{"count":3,"href":"https:\/\/bmwelvfault.com\/index.php?rest_route=\/wp\/v2\/pages\/4124\/revisions"}],"predecessor-version":[{"id":4149,"href":"https:\/\/bmwelvfault.com\/index.php?rest_route=\/wp\/v2\/pages\/4124\/revisions\/4149"}],"wp:attachment":[{"href":"https:\/\/bmwelvfault.com\/index.php?rest_route=%2Fwp%2Fv2%2Fmedia&parent=4124"}],"curies":[{"name":"wp","href":"https:\/\/api.w.org\/{rel}","templated":true}]}}