{"id":2121,"date":"2022-09-18T01:01:46","date_gmt":"2022-09-17T23:01:46","guid":{"rendered":"https:\/\/bmwelvemulator.com\/?page_id=2121"},"modified":"2022-09-24T17:13:45","modified_gmt":"2022-09-24T15:13:45","slug":"adatv2","status":"publish","type":"page","link":"https:\/\/bmwelvfault.com\/?page_id=2121&lang=hu","title":{"rendered":"Adatv\u00e9delem"},"content":{"rendered":"\n<h2>Milyen szem\u00e9lyes adatokat gy\u0171jt\u00fcnk \u00e9s mi\u00e9rt?<\/h2>\n<p>Adatokat csak abban az esetben gy\u0171jt\u00fcnk ha megrendeled valamelyik term\u00e9k\u00fcnket vagy kit\u00f6ltesz weboldalunkon egy \u0171rlapot. Az oldalunkon t\u00f6rt\u00e9n\u0151 rendel\u00e9skor az al\u00e1bbi adatokat k\u00e9rj\u00fck: n\u00e9v, e-mail c\u00edm, levelez\u00e9si c\u00edm, telefonsz\u00e1m. Az oldalunk megl\u00e1togat\u00e1sa azonban n\u00e9vtelen\u00fcl t\u00f6rt\u00e9nik, annak sor\u00e1n semmilyen adatot nem k\u00e9r\u00fcnk \u00e9s nem is gy\u0171jt\u00fcnk.<\/p>\n<h2>Hogyan v\u00e9dj\u00fck adataidat?<\/h2>\n<p>Az adataidat minden esetben bizalmasan kezelj\u00fck, \u00e9s harmadik f\u00e9lnek NEM adjuk ki.<\/p>\n<h2>Haszn\u00e1lunk-e s\u00fctiket?<\/h2>\n<p>Igen (A s\u00fctik olyan kis f\u00e1jlok, amelyeket egy webhely a b\u00f6ng\u00e9sz\u0151n kereszt\u00fcl t\u00e1rol a sz\u00e1m\u00edt\u00f3g\u00e9ped merevlemez\u00e9n) ha enged\u00e9lyezed akkor lehet\u0151v\u00e9 teszik a webhelyek sz\u00e1m\u00e1ra, hogy felismerj\u00e9k a b\u00f6ng\u00e9sz\u0151det \u00e9s, hogy megjegyezzenek bizonyos be\u00e1ll\u00edt\u00e1sokat.<br \/>\nS\u00fctiket haszn\u00e1lunk a kos\u00e1rban l\u00e9v\u0151 t\u00e9telek feldolgoz\u00e1s\u00e1hoz is.<br \/>\nD\u00f6nthetsz \u00fagy, hogy a sz\u00e1m\u00edt\u00f3g\u00e9ped minden s\u00fcti k\u00fcld\u00e9sekor figyelmeztet, vagy a b\u00f6ng\u00e9sz\u0151d be\u00e1ll\u00edt\u00e1s\u00e1ban ki tudod kapcsolni a s\u00fctik haszn\u00e1lat\u00e1t. Azonban a legt\u00f6bb webhelyhez hasonl\u00f3an n\u00e1lunk is igaz, hogy ha kikapcsolod az \u00f6sszes s\u00fctit akkor egyes szolg\u00e1ltat\u00e1saink nem fognak megfelel\u0151en m\u0171k\u00f6dni.<\/p>\n<p class=\"blank\">&nbsp;<\/p>\n","protected":false},"excerpt":{"rendered":"<p>Milyen szem\u00e9lyes adatokat gy\u0171jt\u00fcnk \u00e9s mi\u00e9rt? Adatokat csak abban az esetben gy\u0171jt\u00fcnk ha megrendeled valamelyik term\u00e9k\u00fcnket vagy kit\u00f6ltesz weboldalunkon egy \u0171rlapot. Az oldalunkon t\u00f6rt\u00e9n\u0151 rendel\u00e9skor az al\u00e1bbi adatokat k\u00e9rj\u00fck: n\u00e9v, e-mail c\u00edm, levelez\u00e9si c\u00edm, telefonsz\u00e1m. Az oldalunk megl\u00e1togat\u00e1sa azonban n\u00e9vtelen\u00fcl t\u00f6rt\u00e9nik, annak sor\u00e1n semmilyen adatot nem k\u00e9r\u00fcnk \u00e9s nem is gy\u0171jt\u00fcnk. Hogyan v\u00e9dj\u00fck adataidat? Az [&hellip;]<\/p>\n","protected":false},"author":1,"featured_media":0,"parent":0,"menu_order":0,"comment_status":"closed","ping_status":"open","template":"","meta":{"footnotes":""},"class_list":["post-2121","page","type-page","status-publish","hentry"],"_links":{"self":[{"href":"https:\/\/bmwelvfault.com\/index.php?rest_route=\/wp\/v2\/pages\/2121","targetHints":{"allow":["GET"]}}],"collection":[{"href":"https:\/\/bmwelvfault.com\/index.php?rest_route=\/wp\/v2\/pages"}],"about":[{"href":"https:\/\/bmwelvfault.com\/index.php?rest_route=\/wp\/v2\/types\/page"}],"author":[{"embeddable":true,"href":"https:\/\/bmwelvfault.com\/index.php?rest_route=\/wp\/v2\/users\/1"}],"replies":[{"embeddable":true,"href":"https:\/\/bmwelvfault.com\/index.php?rest_route=%2Fwp%2Fv2%2Fcomments&post=2121"}],"version-history":[{"count":6,"href":"https:\/\/bmwelvfault.com\/index.php?rest_route=\/wp\/v2\/pages\/2121\/revisions"}],"predecessor-version":[{"id":2203,"href":"https:\/\/bmwelvfault.com\/index.php?rest_route=\/wp\/v2\/pages\/2121\/revisions\/2203"}],"wp:attachment":[{"href":"https:\/\/bmwelvfault.com\/index.php?rest_route=%2Fwp%2Fv2%2Fmedia&parent=2121"}],"curies":[{"name":"wp","href":"https:\/\/api.w.org\/{rel}","templated":true}]}}