{"id":1613,"date":"2022-07-10T19:17:57","date_gmt":"2022-07-10T19:17:57","guid":{"rendered":"https:\/\/bmwelvemulator.com\/?page_id=1613"},"modified":"2022-11-03T21:25:35","modified_gmt":"2022-11-03T20:25:35","slug":"elv-fault-symptoms-magyar","status":"publish","type":"page","link":"https:\/\/bmwelvfault.com\/?page_id=1613&lang=hu","title":{"rendered":"ELV hiba t\u00fcnetei"},"content":{"rendered":"\n<h4>Az elektronikus korm\u00e1nyz\u00e1r meghib\u00e1sod\u00e1sa nagyon gyakori a 2004 \u00e9s 2014 k\u00f6z\u00f6tt gy\u00e1rtott E sorozat\u00fa BMW-k \u00e9s MINI-k k\u00f6r\u00e9ben.<\/h4>\n<p>Vil\u00e1g\u00edt az aut\u00f3d m\u0171szerfal\u00e1n a piros vagy a s\u00e1rga korm\u00e1nyz\u00e1r hibajelz\u00e9s? Ez a 2004 \u00e9s 2014 k\u00f6z\u00f6tt gy\u00e1rtott E sorozat\u00fa BMW-k \u00e9s MINI-k gyakori hib\u00e1ja. Ha van navig\u00e1ci\u00f3 az aut\u00f3dban az ennek megfelel\u0151 hiba\u00fczenet az idrive rendszer kijelz\u0151j\u00e9n is megjelenik.<br \/>\nA probl\u00e9ma a k\u00f6vetkez\u0151 t\u00edpusokn\u00e1l fordul el\u0151:<br \/>\n<strong>BMW E70, E71, E72, E81, E82, E83, E84, E87, E88, E90, E91, E92, E93, E60, E61, E63, E64 (1,3,5,6,X1,X3,X5 sorozat)<\/strong><br \/>\n\u00e9s <strong>Mini R55, R56, R57<\/strong>.<\/p>\n<h4>A navig\u00e1ci\u00f3s kijelz\u0151n megejelen\u0151 hiba\u00fczenet a k\u00f6vetkez\u0151 lehet:<\/h4>\n<ul>\n<li>\u2192 Steering Lock Engaged. Electronic steering wheel lock system (ELV) is inhibiting engine start. Move steering wheel in order to start engine.<\/li>\n<li>\u2192 Steering lock faulty. Electronic steering wheel lock is not disabled once the engine has been switched off. Engine cannot be restarted.<\/li>\n<li>\u2192 Steering wheel lock. Electric steering wheel lock defective. Steering wheel cannot be locked or unlocked, as applicable. Engine start may not be possible.<\/li>\n<li>\u2192 Elektrische Lenkradverriegelung defekt. Lenkrad kann nicht ver- bzw. entriegelt werden. Motorrstart ggf. nicht m\u00f6glich.<\/li>\n<li>\u2192 Elektrische Lenkradvereriegelung verspannt. Lenkrad kann nicht entriegelt werden. Zum Motorstart Lenkrad bewegen.<\/li>\n<li>\u2192 Steering Lock Engaged. The electro-mechanical steering wheel lock system (ELV) is inhibiting engine start. Move steering wheel in order to start engine.<\/li>\n<\/ul>\n<div class=\"rl-gallery-container rl-loading\" id=\"rl-gallery-container-1\" data-gallery_id=\"84\"> <div class=\"rl-gallery rl-basicgrid-gallery \" id=\"rl-gallery-1\" data-gallery_no=\"1\"> <div class=\"rl-gallery-item\"><a href=\"https:\/\/bmwelvfault.com\/wp-content\/uploads\/2018\/12\/bmw-steering-wheel-lock-defective-red1.jpg\" title=\"\" data-rl_title=\"\" class=\"rl-gallery-link\" data-rl_caption=\"\" data-rel=\"lightbox-gallery-1\"><img loading=\"lazy\" decoding=\"async\" src=\"https:\/\/bmwelvfault.com\/wp-content\/uploads\/2018\/12\/bmw-steering-wheel-lock-defective-red1-300x190.jpg\" width=\"300\" height=\"190\" alt=\"\"\/><\/a><\/div><div class=\"rl-gallery-item\"><a href=\"https:\/\/bmwelvfault.com\/wp-content\/uploads\/2018\/12\/bmw-red-steering-wheel-and-padlock.jpg\" title=\"\" data-rl_title=\"\" class=\"rl-gallery-link\" data-rl_caption=\"\" data-rel=\"lightbox-gallery-1\"><img loading=\"lazy\" decoding=\"async\" src=\"https:\/\/bmwelvfault.com\/wp-content\/uploads\/2018\/12\/bmw-red-steering-wheel-and-padlock-300x178.jpg\" width=\"300\" height=\"178\" alt=\"\"\/><\/a><\/div><div class=\"rl-gallery-item\"><a href=\"https:\/\/bmwelvfault.com\/wp-content\/uploads\/2018\/12\/mini-red-steering-wheel-and-padlock.jpg\" title=\"\" data-rl_title=\"\" class=\"rl-gallery-link\" data-rl_caption=\"\" data-rel=\"lightbox-gallery-1\"><img loading=\"lazy\" decoding=\"async\" src=\"https:\/\/bmwelvfault.com\/wp-content\/uploads\/2018\/12\/mini-red-steering-wheel-and-padlock-300x165.jpg\" width=\"300\" height=\"165\" alt=\"\"\/><\/a><\/div><div class=\"rl-gallery-item\"><a href=\"https:\/\/bmwelvfault.com\/wp-content\/uploads\/2018\/12\/bmw-steering-lock-engaged-yellow.jpg\" title=\"\" data-rl_title=\"\" class=\"rl-gallery-link\" data-rl_caption=\"\" data-rel=\"lightbox-gallery-1\"><img loading=\"lazy\" decoding=\"async\" src=\"https:\/\/bmwelvfault.com\/wp-content\/uploads\/2018\/12\/bmw-steering-lock-engaged-yellow-300x225.jpg\" width=\"300\" height=\"225\" alt=\"\"\/><\/a><\/div><div class=\"rl-gallery-item\"><a href=\"https:\/\/bmwelvfault.com\/wp-content\/uploads\/2018\/12\/bmw-yellow-steering-wheel-and-padlock.jpg\" title=\"\" data-rl_title=\"\" class=\"rl-gallery-link\" data-rl_caption=\"\" data-rel=\"lightbox-gallery-1\"><img loading=\"lazy\" decoding=\"async\" src=\"https:\/\/bmwelvfault.com\/wp-content\/uploads\/2018\/12\/bmw-yellow-steering-wheel-and-padlock-300x225.jpg\" width=\"300\" height=\"225\" alt=\"\"\/><\/a><\/div><div class=\"rl-gallery-item\"><a href=\"https:\/\/bmwelvfault.com\/wp-content\/uploads\/2018\/12\/bmw-steering-lock-faulty-red.jpg\" title=\"\" data-rl_title=\"\" class=\"rl-gallery-link\" data-rl_caption=\"\" data-rel=\"lightbox-gallery-1\"><img loading=\"lazy\" decoding=\"async\" src=\"https:\/\/bmwelvfault.com\/wp-content\/uploads\/2018\/12\/bmw-steering-lock-faulty-red-300x134.jpg\" width=\"300\" height=\"134\" alt=\"\"\/><\/a><\/div><div class=\"rl-gallery-item\"><a href=\"https:\/\/bmwelvfault.com\/wp-content\/uploads\/2018\/12\/bmw-steering-wheel-lock-defective-red2.jpg\" title=\"\" data-rl_title=\"\" class=\"rl-gallery-link\" data-rl_caption=\"\" data-rel=\"lightbox-gallery-1\"><img loading=\"lazy\" decoding=\"async\" src=\"https:\/\/bmwelvfault.com\/wp-content\/uploads\/2018\/12\/bmw-steering-wheel-lock-defective-red2-300x148.jpg\" width=\"300\" height=\"148\" alt=\"\"\/><\/a><\/div> <\/div> <\/div>\n<p class=\"blank\">&nbsp;<\/p>\n","protected":false},"excerpt":{"rendered":"<p>Az elektronikus korm\u00e1nyz\u00e1r meghib\u00e1sod\u00e1sa nagyon gyakori a 2004 \u00e9s 2014 k\u00f6z\u00f6tt gy\u00e1rtott E sorozat\u00fa BMW-k \u00e9s MINI-k k\u00f6r\u00e9ben. Vil\u00e1g\u00edt az aut\u00f3d m\u0171szerfal\u00e1n a piros vagy a s\u00e1rga korm\u00e1nyz\u00e1r hibajelz\u00e9s? Ez a 2004 \u00e9s 2014 k\u00f6z\u00f6tt gy\u00e1rtott E sorozat\u00fa BMW-k \u00e9s MINI-k gyakori hib\u00e1ja. Ha van navig\u00e1ci\u00f3 az aut\u00f3dban az ennek megfelel\u0151 hiba\u00fczenet az idrive rendszer [&hellip;]<\/p>\n","protected":false},"author":1,"featured_media":0,"parent":0,"menu_order":0,"comment_status":"closed","ping_status":"open","template":"","meta":{"footnotes":""},"class_list":["post-1613","page","type-page","status-publish","hentry"],"_links":{"self":[{"href":"https:\/\/bmwelvfault.com\/index.php?rest_route=\/wp\/v2\/pages\/1613","targetHints":{"allow":["GET"]}}],"collection":[{"href":"https:\/\/bmwelvfault.com\/index.php?rest_route=\/wp\/v2\/pages"}],"about":[{"href":"https:\/\/bmwelvfault.com\/index.php?rest_route=\/wp\/v2\/types\/page"}],"author":[{"embeddable":true,"href":"https:\/\/bmwelvfault.com\/index.php?rest_route=\/wp\/v2\/users\/1"}],"replies":[{"embeddable":true,"href":"https:\/\/bmwelvfault.com\/index.php?rest_route=%2Fwp%2Fv2%2Fcomments&post=1613"}],"version-history":[{"count":15,"href":"https:\/\/bmwelvfault.com\/index.php?rest_route=\/wp\/v2\/pages\/1613\/revisions"}],"predecessor-version":[{"id":2574,"href":"https:\/\/bmwelvfault.com\/index.php?rest_route=\/wp\/v2\/pages\/1613\/revisions\/2574"}],"wp:attachment":[{"href":"https:\/\/bmwelvfault.com\/index.php?rest_route=%2Fwp%2Fv2%2Fmedia&parent=1613"}],"curies":[{"name":"wp","href":"https:\/\/api.w.org\/{rel}","templated":true}]}}